{"id":907,"date":"2023-03-01T07:51:29","date_gmt":"2023-03-01T07:51:29","guid":{"rendered":"https:\/\/adrianmatejka.webdesign-schwaben.de\/?page_id=907"},"modified":"2023-03-06T15:42:55","modified_gmt":"2023-03-06T15:42:55","slug":"versandkosten","status":"publish","type":"page","link":"https:\/\/goldschmiede.matejka.art\/index.php\/versandkosten\/","title":{"rendered":"Versandkosten"},"content":{"rendered":"<p>[et_pb_section fb_built=&#8220;1&#8243; _builder_version=&#8220;4.16&#8243; _module_preset=&#8220;default&#8220; custom_padding=&#8220;||44px|||&#8220; global_colors_info=&#8220;{}&#8220;][et_pb_row _builder_version=&#8220;4.16&#8243; _module_preset=&#8220;default&#8220; global_colors_info=&#8220;{}&#8220;][et_pb_column type=&#8220;4_4&#8243; _builder_version=&#8220;4.16&#8243; _module_preset=&#8220;default&#8220; global_colors_info=&#8220;{}&#8220;][et_pb_text _builder_version=&#8220;4.20.0&#8243; _module_preset=&#8220;default&#8220; text_font=&#8220;||||||||&#8220; header_font=&#8220;||||||||&#8220; header_font_size=&#8220;25px&#8220; header_2_font=&#8220;Amiko||||||||&#8220; header_3_font=&#8220;Amiko||||||||&#8220; header_4_font=&#8220;Amiko||||||||&#8220; custom_margin=&#8220;||3px|||&#8220; global_colors_info=&#8220;{}&#8220;]<\/p>\n<h1>Versandkosten<\/h1>\n<p>[\/et_pb_text][et_pb_text _builder_version=&#8220;4.20.0&#8243; _module_preset=&#8220;default&#8220; text_font=&#8220;Amiko||||||||&#8220; header_font=&#8220;||||||||&#8220; header_text_color=&#8220;#000000&#8243; header_2_font=&#8220;||||||||&#8220; header_2_text_color=&#8220;#000000&#8243; header_3_font=&#8220;||||||||&#8220; header_3_text_color=&#8220;#000000&#8243; header_4_font=&#8220;||||||||&#8220; header_4_text_color=&#8220;#000000&#8243; global_colors_info=&#8220;{}&#8220;]<\/p>\n<p class=\"p2\">Hier werden die m\u00f6glichen Versandkosten aufgelistet.<\/p>\n<p>[\/et_pb_text][\/et_pb_column][\/et_pb_row][et_pb_row column_structure=&#8220;1_4,1_4,1_4,1_4&#8243; _builder_version=&#8220;4.20.0&#8243; _module_preset=&#8220;default&#8220; global_colors_info=&#8220;{}&#8220;][et_pb_column type=&#8220;1_4&#8243; _builder_version=&#8220;4.20.0&#8243; _module_preset=&#8220;default&#8220; global_colors_info=&#8220;{}&#8220;][et_pb_text _builder_version=&#8220;4.20.0&#8243; _module_preset=&#8220;default&#8220; header_font_size=&#8220;20px&#8220; header_line_height=&#8220;1.2em&#8220; global_colors_info=&#8220;{}&#8220;]<\/p>\n<h1>Zahlung mit Vorkasse\/\u00dcberweisung<\/h1>\n<p>bei dieser Zahlmethode fallen <strong>keine Versandkostenn<\/strong> f\u00fcr Sie an.<br \/>Achtung: wir versenden erst nach erfolgtem Zahlungseingang auf unserem Konto.<\/p>\n<p>Verwenden Sie als Verwendungszweck die Bestellnummer der Artikel, die Sie gekauft haben.Unsere Bankverbindung finden Sie in der E-mail mit Ihrer Bestellbest\u00e4tigung.<\/p>\n<p>[\/et_pb_text][\/et_pb_column][et_pb_column type=&#8220;1_4&#8243; _builder_version=&#8220;4.20.0&#8243; _module_preset=&#8220;default&#8220; global_colors_info=&#8220;{}&#8220;][et_pb_text _builder_version=&#8220;4.20.0&#8243; _module_preset=&#8220;default&#8220; header_font_size=&#8220;20px&#8220; header_line_height=&#8220;1.2em&#8220; global_colors_info=&#8220;{}&#8220;]<\/p>\n<h1>Zahlung bei Abholung<\/h1>\n<p>bei dieser Zahlmethode fallen<strong> keine Versandkosten<\/strong> f\u00fcr Sie an.<br \/>Bitte vereinbaren Sie mit uns per E-Mail (Antwort auf Ihre Bestellbest\u00e4tigung) einen verbindlichen Abholungstermin.<\/p>\n<p>[\/et_pb_text][\/et_pb_column][et_pb_column type=&#8220;1_4&#8243; _builder_version=&#8220;4.20.0&#8243; _module_preset=&#8220;default&#8220; global_colors_info=&#8220;{}&#8220;][et_pb_text _builder_version=&#8220;4.20.0&#8243; _module_preset=&#8220;default&#8220; header_font_size=&#8220;20px&#8220; header_line_height=&#8220;1.2em&#8220; global_colors_info=&#8220;{}&#8220;]<\/p>\n<h1>Zahlung per Nachnahme<\/h1>\n<p>bei dieser Zahlmethode fallen pro Bestellung <strong>20,- \u20ac Nachnahmegeb\u00fchr<\/strong> f\u00fcr Sie an.<br \/>Sie bezahlen dann bequem bei Erhalt bei unserem Versanddienstleister.<br \/>Wir versenden innerhalb von 3 Werktagen nach Ihrer Bestellung.<\/p>\n<p>Achtung: Versand per Nachnahme ist aus Versicherungstechnischen Gr\u00fcnden nur bis zu einem Gesamtbetrag von 1600,- \u20ac m\u00f6glich.<\/p>\n<p>[\/et_pb_text][\/et_pb_column][et_pb_column type=&#8220;1_4&#8243; _builder_version=&#8220;4.20.0&#8243; _module_preset=&#8220;default&#8220; global_colors_info=&#8220;{}&#8220;][et_pb_text _builder_version=&#8220;4.20.0&#8243; _module_preset=&#8220;default&#8220; header_font_size=&#8220;20px&#8220; header_line_height=&#8220;1.2em&#8220; hover_enabled=&#8220;0&#8243; global_colors_info=&#8220;{}&#8220; sticky_enabled=&#8220;0&#8243;]<\/p>\n<h1>Zahlung mit PayPal<\/h1>\n<p>bei dieser Zahlmethode f\u00e4llt eine Mindestgeb\u00fchr f\u00fcr Sie an:<br \/><strong>3% vom Gesamtbetrag, mindestens aber 5,- \u20ac<\/strong><br \/>Achtung: wir versenden erst nach erfolgtem Zahlungseingang auf unserem Konto.<\/p>\n<p>Achtung:<br \/><strong>Diese Zahlmethode steht zurzeit nicht zu Verf\u00fcgung.<\/strong><\/p>\n<p>[\/et_pb_text][\/et_pb_column][\/et_pb_row][\/et_pb_section]<\/p>\n","protected":false},"excerpt":{"rendered":"<p>VersandkostenHier werden die m\u00f6glichen Versandkosten aufgelistet.Zahlung mit Vorkasse\/\u00dcberweisung bei dieser Zahlmethode fallen keine Versandkostenn f\u00fcr Sie an.Achtung: wir versenden erst nach erfolgtem Zahlungseingang auf unserem Konto. Verwenden Sie als Verwendungszweck die Bestellnummer der Artikel, die Sie gekauft haben.Unsere Bankverbindung finden Sie in der E-mail mit Ihrer Bestellbest\u00e4tigung.Zahlung bei Abholung bei dieser Zahlmethode fallen keine Versandkosten [&hellip;]<\/p>\n","protected":false},"author":1,"featured_media":0,"parent":0,"menu_order":0,"comment_status":"closed","ping_status":"closed","template":"","meta":{"_et_pb_use_builder":"on","_et_pb_old_content":"","_et_gb_content_width":"","footnotes":""},"class_list":["post-907","page","type-page","status-publish","hentry"],"_links":{"self":[{"href":"https:\/\/goldschmiede.matejka.art\/index.php\/wp-json\/wp\/v2\/pages\/907","targetHints":{"allow":["GET"]}}],"collection":[{"href":"https:\/\/goldschmiede.matejka.art\/index.php\/wp-json\/wp\/v2\/pages"}],"about":[{"href":"https:\/\/goldschmiede.matejka.art\/index.php\/wp-json\/wp\/v2\/types\/page"}],"author":[{"embeddable":true,"href":"https:\/\/goldschmiede.matejka.art\/index.php\/wp-json\/wp\/v2\/users\/1"}],"replies":[{"embeddable":true,"href":"https:\/\/goldschmiede.matejka.art\/index.php\/wp-json\/wp\/v2\/comments?post=907"}],"version-history":[{"count":9,"href":"https:\/\/goldschmiede.matejka.art\/index.php\/wp-json\/wp\/v2\/pages\/907\/revisions"}],"predecessor-version":[{"id":968,"href":"https:\/\/goldschmiede.matejka.art\/index.php\/wp-json\/wp\/v2\/pages\/907\/revisions\/968"}],"wp:attachment":[{"href":"https:\/\/goldschmiede.matejka.art\/index.php\/wp-json\/wp\/v2\/media?parent=907"}],"curies":[{"name":"wp","href":"https:\/\/api.w.org\/{rel}","templated":true}]}}